-- https://www.phpmyadmin.net/
--
-- Servidor: localhost:3306
-- Tiempo de generación: 15-04-2021 a las 14:26:40
-- Versión del servidor: 8.0.22-0ubuntu0.20.04.3
-- Versión de PHP: 7.4.3

START TRANSACTION;



--
-- Base de datos: `courieronline`
--

-- --------------------------------------------------------

--
-- Estructura de tabla para la tabla `api_logs`
--

CREATE TABLE `api_logs` (
  `id_api_log` int UNSIGNED NOT NULL,
  `fecha` datetime NOT NULL DEFAULT CURRENT_TIMESTAMP,
  `api` varchar(500) CHARACTER SET utf8 COLLATE utf8_bin NOT NULL,
  `parametros` varchar(5000) CHARACTER SET utf8 COLLATE utf8_bin DEFAULT NULL,
  `mensaje_usuario` varchar(5000) CHARACTER SET utf8 COLLATE utf8_bin DEFAULT NULL,
  `mensaje_admin` varchar(5000) CHARACTER SET utf8 COLLATE utf8_bin DEFAULT NULL
) ENGINE=InnoDB DEFAULT CHARSET=utf8 COLLATE=utf8_bin;

--
-- Volcado de datos para la tabla `api_logs`
--

INSERT INTO `api_logs` (`id_api_log`, `fecha`, `api`, `parametros`, `mensaje_usuario`, `mensaje_admin`) VALUES
(1, '2021-04-05 09:09:18', 'https://api.tookanapp.com/v2/create_multiple_tasks', 'ID PEDIDO: 19', 'Insufficient information in deliveries', ''),
(2, '2021-04-05 09:10:11', 'https://api.tookanapp.com/v2/create_multiple_tasks', 'ID PEDIDO: 21', 'Insufficient information in deliveries', ''),
(3, '2021-04-05 09:10:32', 'https://api.tookanapp.com/v2/create_multiple_tasks', 'ID PEDIDO: 23', 'Insufficient information in deliveries', ''),
(4, '2021-04-05 09:12:01', 'https://api.tookanapp.com/v2/create_multiple_tasks', 'ID PEDIDO: 25', 'Insufficient information in deliveries', ''),
(5, '2021-04-05 09:13:48', 'https://api.tookanapp.com/v2/create_multiple_tasks', 'ID PEDIDO: 27', 'Insufficient information in deliveries', ''),
(6, '2021-04-05 09:14:13', 'https://api.tookanapp.com/v2/create_multiple_tasks', 'ID PEDIDO: 29', 'Insufficient information in deliveries', ''),
(7, '2021-04-05 09:15:15', 'https://api.tookanapp.com/v2/create_multiple_tasks', 'ID PEDIDO: 31', 'Insufficient information in deliveries', ''),
(8, '2021-04-05 09:16:06', 'https://api.tookanapp.com/v2/create_multiple_tasks', 'ID PEDIDO: 33', 'Insufficient information in deliveries', ''),
(9, '2021-04-05 09:16:31', 'https://api.tookanapp.com/v2/create_multiple_tasks', 'ID PEDIDO: 35', 'Insufficient information in deliveries', ''),
(10, '2021-04-05 09:31:06', 'https://api.tookanapp.com/v2/create_multiple_tasks', 'ID PEDIDO: 37', 'Insufficient information in deliveries', ''),
(11, '2021-04-05 09:32:19', 'https://api.tookanapp.com/v2/create_multiple_tasks', 'ID PEDIDO: 41', 'Insufficient information in deliveries', ''),
(12, '2021-04-05 09:33:13', 'https://api.tookanapp.com/v2/create_multiple_tasks', 'ID PEDIDO: 45', 'Insufficient information in deliveries', ''),
(13, '2021-04-05 09:33:18', 'https://api.tookanapp.com/v2/create_multiple_tasks', 'ID PEDIDO: 49', 'Insufficient information in deliveries', ''),
(14, '2021-04-05 09:34:40', 'https://api.tookanapp.com/v2/create_multiple_tasks', 'ID PEDIDO: 53', 'Insufficient information in deliveries', ''),
(15, '2021-04-05 19:20:29', 'https://api.tookanapp.com/v2/customer/add', 'Ivan Robles|960793722|eduardo.anaya1234@hotmail.com', 'Email/Phone is already registered', ''),
(16, '2021-04-05 19:25:04', 'https://api.tookanapp.com/v2/customer/add', 'Ivan Robles|960793722|legendofarana@hotmail.com', 'Email/Phone is already registered', ''),
(17, '2021-04-05 21:17:23', 'https://secure.culqi.com/v2/tokens', '', 'Contactar al comercio.', 'Existen problemas con la configuración del comercio o el comercio no existe.'),
(18, '2021-04-08 12:40:04', 'https://api.tookanapp.com/v2/customer/add', 'Eduardo Anaya|9876765444|eduiva1234@gmail.com', 'Email/Phone is already registered', ''),
(19, '2021-04-08 12:40:29', 'https://api.tookanapp.com/v2/customer/add', 'Eduardo Anaya|9876765444|eduiva1234@gmail.com', 'Email/Phone is already registered', ''),
(20, '2021-04-08 13:03:30', 'https://secure.culqi.com/v2/tokens', '', 'El código de seguridad (CVV) de tu tarjeta es inválido. Verifica la información ingresada.', 'El CVV es invalido. Tiene que ser numérico de 3 a 4 digitos. '),
(21, '2021-04-12 14:09:16', 'https://secure.culqi.com/v2/tokens', '', 'Contactar al comercio.', 'Existen problemas con la configuración del comercio o el comercio no existe.'),
(22, '2021-04-12 16:42:11', 'https://secure.culqi.com/v2/tokens', '', '', ''),
(23, '2021-04-12 16:42:48', 'https://secure.culqi.com/v2/tokens', '', 'Contactar al comercio.', 'Existen problemas con la configuración del comercio o el comercio no existe.'),
(24, '2021-04-13 09:29:48', 'https://secure.culqi.com/v2/tokens', '', 'El numero de tarjeta de crédito o débito brindado no es válido.', 'El número de la tarjeta no es un número de tarjeta de crédito o débito válido. Tiene que ser numérico de 13 a 16 digitos.'),
(25, '2021-04-13 09:30:00', 'https://secure.culqi.com/v2/tokens', '', 'El numero de tarjeta de crédito o débito brindado no es válido.', 'El número de la tarjeta no es un número de tarjeta de crédito o débito válido. Tiene que ser numérico de 13 a 16 digitos.'),
(26, '2021-04-13 09:33:42', 'https://secure.culqi.com/v2/tokens', '', 'El numero de tarjeta de crédito o débito brindado no es válido.', 'El número de la tarjeta no es un número de tarjeta de crédito o débito válido. Tiene que ser numérico de 13 a 16 digitos.'),
(27, '2021-04-13 09:33:53', 'https://secure.culqi.com/v2/tokens', '', 'El numero de tarjeta de crédito o débito brindado no es válido.', 'El número de la tarjeta no es un número de tarjeta de crédito o débito válido. Tiene que ser numérico de 13 a 16 digitos.'),
(28, '2021-04-13 09:34:54', 'https://secure.culqi.com/v2/tokens', '', 'El numero de tarjeta de crédito o débito brindado no es válido.', 'El número de la tarjeta no es un número de tarjeta de crédito o débito válido. Tiene que ser numérico de 13 a 16 digitos.'),
(29, '2021-04-13 09:36:10', 'https://secure.culqi.com/v2/tokens', '', 'El numero de tarjeta de crédito o débito brindado no es válido.', 'El número de la tarjeta no es un número de tarjeta de crédito o débito válido. Tiene que ser numérico de 13 a 16 digitos.'),
(30, '2021-04-13 09:36:16', 'https://secure.culqi.com/v2/tokens', '', 'El numero de tarjeta de crédito o débito brindado no es válido.', 'El número de la tarjeta no es un número de tarjeta de crédito o débito válido. Tiene que ser numérico de 13 a 16 digitos.'),
(31, '2021-04-13 09:37:24', 'https://secure.culqi.com/v2/tokens', '', 'El numero de tarjeta de crédito o débito brindado no es válido.', 'El número de la tarjeta no es un número de tarjeta de crédito o débito válido. Tiene que ser numérico de 13 a 16 digitos.'),
(32, '2021-04-13 09:38:04', 'https://secure.culqi.com/v2/tokens', '', 'El numero de tarjeta de crédito o débito brindado no es válido.', 'El número de la tarjeta no es un número de tarjeta de crédito o débito válido. Tiene que ser numérico de 13 a 16 digitos.'),
(33, '2021-04-13 09:41:43', 'https://secure.culqi.com/v2/tokens', '', 'Contactar al comercio.', 'Existen problemas con la configuración del comercio o el comercio no existe.'),
(34, '2021-04-13 09:41:50', 'https://secure.culqi.com/v2/tokens', '', 'Contactar al comercio.', 'Existen problemas con la configuración del comercio o el comercio no existe.'),
(35, '2021-04-13 09:42:10', 'https://secure.culqi.com/v2/tokens', '', 'Contactar al comercio.', 'Existen problemas con la configuración del comercio o el comercio no existe.'),
(36, '2021-04-13 09:43:59', 'https://secure.culqi.com/v2/tokens', '', 'Contactar al comercio.', 'Existen problemas con la configuración del comercio o el comercio no existe.'),
(37, '2021-04-13 09:44:07', 'https://secure.culqi.com/v2/tokens', '', 'Contactar al comercio.', 'Existen problemas con la configuración del comercio o el comercio no existe.'),
(38, '2021-04-13 09:45:55', 'https://secure.culqi.com/v2/tokens', '', 'Contactar al comercio.', 'Existen problemas con la configuración del comercio o el comercio no existe.'),
(39, '2021-04-13 09:46:02', 'https://secure.culqi.com/v2/tokens', '', 'Contactar al comercio.', 'Existen problemas con la configuración del comercio o el comercio no existe.'),
(40, '2021-04-13 09:46:06', 'https://secure.culqi.com/v2/tokens', '', 'Contactar al comercio.', 'Existen problemas con la configuración del comercio o el comercio no existe.'),
(41, '2021-04-13 09:46:12', 'https://secure.culqi.com/v2/tokens', '', 'Contactar al comercio.', 'Existen problemas con la configuración del comercio o el comercio no existe.'),
(42, '2021-04-13 09:46:32', 'https://secure.culqi.com/v2/tokens', '', 'Contactar al comercio.', 'Existen problemas con la configuración del comercio o el comercio no existe.'),
(43, '2021-04-13 09:49:33', 'https://secure.culqi.com/v2/tokens', '', 'Contactar al comercio.', 'Existen problemas con la configuración del comercio o el comercio no existe.');

-- --------------------------------------------------------

--
-- Estructura de tabla para la tabla `campos`
--

CREATE TABLE `campos` (
  `id_campo` int UNSIGNED NOT NULL,
  `id_tabla` int UNSIGNED NOT NULL,
  `nombre` varchar(50) CHARACTER SET utf8 COLLATE utf8_bin NOT NULL,
  `nombre_mostrar` varchar(50) CHARACTER SET utf8 COLLATE utf8_bin NOT NULL,
  `orden` smallint NOT NULL DEFAULT '99',
  `es_unico` tinyint UNSIGNED NOT NULL DEFAULT '0',
  `es_obligatorio` tinyint UNSIGNED NOT NULL DEFAULT '0',
  `mostrar_en_tabla` tinyint UNSIGNED NOT NULL DEFAULT '0',
  `tipo` varchar(40) CHARACTER SET utf8 COLLATE utf8_bin NOT NULL DEFAULT 'text',
  `maxlength` smallint UNSIGNED DEFAULT NULL,
  `min` int DEFAULT NULL,
  `max` int DEFAULT NULL,
  `origen` varchar(100) CHARACTER SET utf8 COLLATE utf8_bin DEFAULT NULL,
  `vista_ancho` tinyint UNSIGNED NOT NULL DEFAULT '12',
  `oculta` tinyint UNSIGNED NOT NULL DEFAULT '0',
  `editable` tinyint UNSIGNED NOT NULL DEFAULT '1',
  `accion` varchar(200) CHARACTER SET utf8 COLLATE utf8_bin DEFAULT NULL,
  `valor_predeterminado` varchar(500) CHARACTER SET utf8 COLLATE utf8_bin DEFAULT NULL
) ENGINE=InnoDB DEFAULT CHARSET=utf8 COLLATE=utf8_bin;

--
-- Volcado de datos para la tabla `campos`
--

INSERT INTO `campos` (`id_campo`, `id_tabla`, `nombre`, `nombre_mostrar`, `orden`, `es_unico`, `es_obligatorio`, `mostrar_en_tabla`, `tipo`, `maxlength`, `min`, `max`, `origen`, `vista_ancho`, `oculta`, `editable`, `accion`, `valor_predeterminado`) VALUES
(1, 1, 'direccion', 'Dirección', 99, 0, 1, 1, 'direccion', 200, NULL, NULL, NULL, 12, 0, 1, NULL, NULL),
(2, 1, 'detalle', 'Dpto. / Detalles adicionales', 99, 0, 0, 1, 'text', 200, NULL, NULL, NULL, 12, 0, 1, NULL, NULL),
(3, 1, 'id_direcciones_tipo', 'Tipo', 99, 0, 1, 1, 'select', NULL, NULL, NULL, 'listas/direcciones_tipos.php', 12, 0, 1, NULL, NULL),
(4, 1, 'nombre', 'Nombre', 99, 0, 1, 1, 'text', 200, NULL, NULL, NULL, 12, 0, 1, NULL, NULL),
(5, 1, 'latitud', 'Latitud', 99, 0, 0, 0, 'hidden', NULL, NULL, NULL, NULL, 12, 0, 1, NULL, '0'),
(6, 1, 'longitud', 'Longitud', 99, 0, 0, 0, 'hidden', NULL, NULL, NULL, NULL, 12, 0, 1, NULL, '0'),
(9, 2, 'remitente_direccion', 'Dirección de recojo', 99, 0, 0, 1, 'text', NULL, NULL, NULL, NULL, 12, 0, 1, NULL, NULL),
(10, 2, 'remitente_nombre', 'Remitente', 99, 0, 0, 1, 'text', NULL, NULL, NULL, NULL, 12, 0, 1, NULL, NULL),
(11, 2, 'paquete', 'Detalle de envío', 99, 0, 0, 1, 'text', NULL, NULL, NULL, NULL, 12, 0, 1, NULL, NULL),
(12, 3, 'observaciones', 'Observaciones', 99, 0, 1, 1, 'text', 100, NULL, NULL, NULL, 12, 0, 1, NULL, NULL),
(13, 3, 'customer_id', 'Asignado a', 99, 0, 0, 1, 'select', NULL, NULL, NULL, 'listas/customers.php', 12, 0, 1, NULL, NULL),
(14, 3, 'precio_recojo', 'Precio de recojo', 99, 0, 1, 1, 'decimal', NULL, 0, 999999, NULL, 3, 0, 1, NULL, NULL),
(15, 3, 'precio_envio', 'Precio de envío', 99, 0, 1, 1, 'decimal', NULL, 0, 999999, NULL, 3, 0, 1, NULL, NULL),
(16, 3, 'servicio_preferencial', '¿Envío exprés?', 99, 0, 0, 1, 'sino', NULL, NULL, NULL, NULL, 3, 0, 1, NULL, NULL),
(17, 4, 'nombre', 'Nombre', 99, 0, 1, 1, 'text', 50, NULL, NULL, NULL, 12, 0, 1, NULL, NULL),
(18, 4, 'apellido', 'Apellido', 99, 0, 1, 1, 'text', 50, NULL, NULL, NULL, 12, 0, 1, NULL, NULL),
(19, 4, 'administrador', '¿Es administrador?', 99, 0, 0, 1, 'sino', NULL, NULL, NULL, NULL, 3, 0, 1, NULL, NULL),
(20, 5, 'clave', 'Clave', 99, 1, 0, 1, 'text', 40, NULL, NULL, NULL, 12, 0, 0, NULL, NULL),
(21, 5, 'descripcion', 'Descripción', 99, 0, 1, 1, 'text', 100, NULL, NULL, NULL, 12, 0, 1, NULL, NULL),
(22, 5, 'valor', 'Valor', 99, 0, 1, 0, 'textarea', 5000, NULL, NULL, NULL, 12, 0, 1, NULL, NULL);

-- --------------------------------------------------------

--
-- Estructura de tabla para la tabla `configuraciones`
--

CREATE TABLE `configuraciones` (
  `id_configuracion` int UNSIGNED NOT NULL,
  `clave` varchar(40) CHARACTER SET utf8 COLLATE utf8_bin NOT NULL,
  `descripcion` varchar(100) CHARACTER SET utf8 COLLATE utf8_bin NOT NULL,
  `valor` varchar(5000) CHARACTER SET utf8 COLLATE utf8_bin DEFAULT NULL
) ENGINE=InnoDB DEFAULT CHARSET=utf8 COLLATE=utf8_bin;

--
-- Volcado de datos para la tabla `configuraciones`
--

INSERT INTO `configuraciones` (`id_configuracion`, `clave`, `descripcion`, `valor`) VALUES
(1, 'CLAVEAPICORREOE', 'API de validación de correo electrónico', 'b2c374500944461c90b9aef4f20394b3'),
(3, 'CORREOSERVIDOR', 'Alias o IP del servidor de correo', 'vps-1881972-x.dattaweb.com'),
(4, 'CORREOPUERTO', 'Puerto del servidor de correo', '25'),
(5, 'CORREOPROTOCOLO', 'Protocolo utilizado para el envío de correo', 'smtp'),
(6, 'CORREOAUTENTICACION', '¿Requiere autenticación?', '1'),
(7, 'CORREOUSUARIO', 'Usuario de correo electrónico para la autenticación', 'no-reply@bindexa.com'),
(8, 'CORREOORIGEN', 'Dirección del remitente de correo', 'no-reply@bindexa.com'),
(9, 'CORREOCONTRASENA', 'Contraseña de correo electrónico', '5za06/w2qH'),
(10, 'CORREODE', 'Nombre del remitente de correo', 'Prueba'),
(11, 'CLAVEAPILOGISTICA', 'APi Key para los servicios de logística', '54656186f042480b5d176a66105525401ce4c3f82fd5733e581503'),
(12, 'TXTCORREORECUPEROTITULO', 'Título de correo de recupero de acceso a la cuenta.', 'Recuperar acceso a la cuenta'),
(13, 'TXTCORREORECUPEROCONTENIDO', 'Contenido de correo de recupero de acceso a la cuenta.', '<p>Solicitaste el recupero de acceso a la cuenta. Para poder hacerlo, accede al siguiente enlace:</p>'),
(14, 'MAPAINICIOLATITUD', 'Latitud de inicio en los mapas.', '-12.2046311'),
(15, 'MAPAINICIOLONGITUD', 'Longitud de inicio en los mapas.', '-77.01183'),
(16, 'MAPAAPIGOOGLE', 'Clave API de Google Maps.', 'AIzaSyDTVA6W_O9I_nkAeNY3f9XCcJ9mY6erfLU'),
(17, 'MAPAINICIOPUNTO', 'Punto de inicio en el mapa.', 'Calle 16 - ex San Martin, Cercado de Lima, Perú'),
(18, 'CLAVEAPICULQUIPRIVADA', 'API de validación de Culqui (llave privada)', 'sk_test_KOYKHxfMWemHSoR7'),
(19, 'CLAVEAPICULQUIPUBLICA', 'API de validación de Culqui (llave pública)', 'pk_test_eYdcHWQ0gSY5B8l8');

-- --------------------------------------------------------

--
-- Estructura de tabla para la tabla `destinatarios`
--

CREATE TABLE `destinatarios` (
  `id_destinatario` int UNSIGNED NOT NULL,
  `job_id` int UNSIGNED DEFAULT NULL,
  `id_pedido` int UNSIGNED NOT NULL,
  `destinatario_direccion` varchar(200) CHARACTER SET utf8 COLLATE utf8_bin NOT NULL,
  `destinatario_direccion_dpto` varchar(100) CHARACTER SET utf8 COLLATE utf8_bin DEFAULT NULL,
  `destinatario_nombre` varchar(200) CHARACTER SET utf8 COLLATE utf8_bin DEFAULT NULL,
  `destinatario_celular` varchar(20) CHARACTER SET utf8 COLLATE utf8_bin DEFAULT NULL,
  `destinatario_correo` varchar(200) CHARACTER SET utf8 COLLATE utf8_bin DEFAULT NULL
) ENGINE=InnoDB DEFAULT CHARSET=utf8 COLLATE=utf8_bin;

--
-- Volcado de datos para la tabla `destinatarios`
--

INSERT INTO `destinatarios` (`id_destinatario`, `job_id`, `id_pedido`, `destinatario_direccion`, `destinatario_direccion_dpto`, `destinatario_nombre`, `destinatario_celular`, `destinatario_correo`) VALUES
(1, 227246772, 1, 'Lamadrid 74, Tres Arroyos, Provincia de Buenos Aires, Argentina', '', '', '', ''),
(2, 227356581, 2, 'Calle 16 - ex San Martin, Cercado de Lima, Perú', 'Mz. G7 lt. 2a', '', '', ''),
(3, 227356581, 2, 'Calle 16 - ex San Martin, Cercado de Lima, Perú', 'Mz. G7 lt. 2a', '', '', ''),
(4, 227356581, 2, 'Calle 16 - ex San Martin, Cercado de Lima, Perú', 'Mz. G7 lt. 2a', '', '', ''),
(5, 227356581, 2, 'Calle 16 - ex San Martin, Cercado de Lima, Perú', 'Mz. G7 lt. 2a', '', '', ''),
(6, 227356581, 2, 'Calle 16 - ex San Martin, Cercado de Lima, Perú', 'Mz. G7 lt. 2a', '', '', ''),
(7, 227356581, 2, 'Calle 16 - ex San Martin, Cercado de Lima, Perú', 'Mz. G7 lt. 2a', '', '', ''),
(8, 227356581, 2, 'Calle 16 - ex San Martin, Cercado de Lima, Perú', 'Mz. G7 lt. 2a', '', '', ''),
(9, 227356581, 2, 'Calle 16 - ex San Martin, Cercado de Lima, Perú', 'Mz. G7 lt. 2a', '', '', ''),
(10, 227356581, 2, 'Calle 16 - ex San Martin, Cercado de Lima, Perú', 'Mz. G7 lt. 2a', '', '', ''),
(11, 227356581, 2, 'Calle 16 - ex San Martin, Cercado de Lima, Perú', 'Mz. G7 lt. 2a', '', '', ''),
(12, 227356581, 2, 'Calle 16 - ex San Martin, Cercado de Lima, Perú', 'Mz. G7 lt. 2a', '', '', ''),
(13, 227356581, 2, 'Calle 16 - ex San Martin, Cercado de Lima, Perú', 'Mz. G7 lt. 2a', '', '', ''),
(14, 227356581, 2, 'Calle 16 - ex San Martin, Cercado de Lima, Perú', 'Mz. G7 lt. 2a', '', '', ''),
(15, 227356581, 2, 'Calle 16 - ex San Martin, Cercado de Lima, Perú', 'Mz. G7 lt. 2a', '', '', ''),
(16, 227356581, 2, 'Avenida Guardia Civil Sur 304, Distrito de Lima, Perú', '304', 'Yesica', '', ''),
(17, 227369698, 3, 'Avenida Guardia Civil Sur 304, Distrito de Lima, Perú', '304', '', '', ''),
(18, 227369698, 3, 'Avenida Guardia Civil Sur 304, Distrito de Lima, Perú', '304', '', '', ''),
(19, 227369698, 3, 'Avenida Guardia Civil Sur 304, Distrito de Lima, Perú', '304', '', '', ''),
(20, 227372073, 4, 'Avenida Guardia Civil Sur 304, Distrito de Lima, Perú', '304', '', '', ''),
(21, 227372073, 4, 'Avenida Guardia Civil Sur 304, Distrito de Lima, Perú', '304', '', '', ''),
(22, 227372073, 4, 'Avenida dos de Mayo 575, San Isidro, Perú', '320', 'Celia', '', ''),
(23, 227372757, 5, 'Avenida Guardia Civil Sur 304, Distrito de Lima, Perú', '304', '', '', ''),
(24, 229214888, 6, 'Avenida Guardia Civil Sur 304, Distrito de Lima, Perú', '304', '', '', ''),
(25, 231819665, 7, 'Avenida Guardia Civil Sur 304, Distrito de Lima, Perú', '304', '', '', ''),
(26, 231836763, 8, 'Avenida Guardia Civil Sur 304, Distrito de Lima, Perú', '304', '', '', ''),
(27, 232298947, 9, 'Lamadrid 74, Tres Arroyos, Provincia de Buenos Aires, Argentina', '', '', '', ''),
(28, 233681378, 10, 'Lamadrid 74, Tres Arroyos, Provincia de Buenos Aires, Argentina', '', '', '', ''),
(29, 233681853, 11, 'Lamadrid 74, Tres Arroyos, Provincia de Buenos Aires, Argentina', '', '', '', ''),
(30, 233682322, 12, 'Lamadrid 74, Tres Arroyos, Provincia de Buenos Aires, Argentina', '', '', '', ''),
(31, 233684545, 13, 'Lamadrid 74, Tres Arroyos, Provincia de Buenos Aires, Argentina', '', '', '', ''),
(32, 233684646, 14, 'Lamadrid 74, Tres Arroyos, Provincia de Buenos Aires, Argentina', '', '', '', '');

-- --------------------------------------------------------

--
-- Estructura de tabla para la tabla `direcciones`
--

CREATE TABLE `direcciones` (
  `id_direccion` int UNSIGNED NOT NULL,
  `id_usuario` int NOT NULL,
  `direccion` varchar(200) CHARACTER SET utf8 COLLATE utf8_bin NOT NULL,
  `latitud` varchar(20) CHARACTER SET utf8 COLLATE utf8_bin NOT NULL DEFAULT '0',
  `longitud` varchar(20) CHARACTER SET utf8 COLLATE utf8_bin NOT NULL DEFAULT '0',
  `detalle` varchar(200) CHARACTER SET utf8 COLLATE utf8_bin DEFAULT NULL,
  `id_direcciones_tipo` int UNSIGNED NOT NULL,
  `nombre` varchar(200) CHARACTER SET utf8 COLLATE utf8_bin NOT NULL,
  `fecha` datetime NOT NULL DEFAULT CURRENT_TIMESTAMP
) ENGINE=InnoDB DEFAULT CHARSET=utf8 COLLATE=utf8_bin;

--
-- Volcado de datos para la tabla `direcciones`
--

INSERT INTO `direcciones` (`id_direccion`, `id_usuario`, `direccion`, `latitud`, `longitud`, `detalle`, `id_direcciones_tipo`, `nombre`, `fecha`) VALUES
(1, 1, 'Lamadrid 74, Tres Arroyos, Provincia de Buenos Aires, Argentina', '-38.37483059999999', '-60.27461880000001', NULL, 2, 'Prueba 1', '2021-04-05 09:29:55'),
(2, 1, 'Lavalle 255, Tres Arroyos, Provincia de Buenos Aires, Argentina', '-38.3824435', '-60.2734955', NULL, 1, 'Prueba 2', '2021-04-05 09:30:09'),
(3, 2, 'Calle Dos de Mayo 575, Miraflores, Perú', '-12.1180645', '-77.0343905', '203', 1, 'Casa', '2021-04-05 18:59:24'),
(4, 2, 'Calle 16 - ex San Martin, Cercado de Lima, Perú', '-12.2046311', '-77.01183', 'Mz. G7 lt. 2a', 2, 'Casa cliente 1', '2021-04-05 19:00:25'),
(5, 6, 'Calle Dos de Mayo 575, Miraflores, Perú', '-12.1180645', '-77.0343905', '203', 1, 'Casa', '2021-04-05 19:57:51'),
(6, 6, 'Avenida Guardia Civil Sur 304, Distrito de Lima, Perú', '-12.1844681', '-77.00435329999999', '304', 2, 'Tienda', '2021-04-05 19:58:17'),
(7, 7, 'Calle Dos de Mayo 575, Miraflores, Perú', '-12.1180645', '-77.0343905', '203', 1, 'Casa', '2021-04-08 12:42:06'),
(8, 7, 'Avenida Guardia Civil Sur 304, Distrito de Lima, Perú', '-12.1844681', '-77.00435329999999', '304', 2, 'Tienda', '2021-04-08 12:42:40');

-- --------------------------------------------------------

--
-- Estructura de tabla para la tabla `direcciones_tipos`
--

CREATE TABLE `direcciones_tipos` (
  `id_direcciones_tipo` int UNSIGNED NOT NULL,
  `descripcion` varchar(50) CHARACTER SET utf8 COLLATE utf8_bin NOT NULL
) ENGINE=InnoDB DEFAULT CHARSET=utf8 COLLATE=utf8_bin;

--
-- Volcado de datos para la tabla `direcciones_tipos`
--

INSERT INTO `direcciones_tipos` (`id_direcciones_tipo`, `descripcion`) VALUES
(1, 'Dirección de recojo'),
(2, 'Dirección de envío');

-- --------------------------------------------------------

--
-- Estructura de tabla para la tabla `pedidos`
--

CREATE TABLE `pedidos` (
  `id_pedido` int UNSIGNED NOT NULL,
  `fecha` datetime NOT NULL DEFAULT CURRENT_TIMESTAMP,
  `job_id` int UNSIGNED DEFAULT NULL,
  `id_usuario` int UNSIGNED NOT NULL,
  `servicio_preferencial` tinyint UNSIGNED NOT NULL,
  `paquete` varchar(200) CHARACTER SET utf8 COLLATE utf8_bin NOT NULL,
  `remitente_direccion` varchar(200) CHARACTER SET utf8 COLLATE utf8_bin NOT NULL,
  `remitente_direccion_dpto` varchar(100) CHARACTER SET utf8 COLLATE utf8_bin DEFAULT NULL,
  `remitente_nombre` varchar(200) CHARACTER SET utf8 COLLATE utf8_bin DEFAULT NULL,
  `remitente_celular` varchar(20) CHARACTER SET utf8 COLLATE utf8_bin DEFAULT NULL,
  `remitente_correo` varchar(200) CHARACTER SET utf8 COLLATE utf8_bin DEFAULT NULL,
  `monto` decimal(10,2) UNSIGNED NOT NULL,
  `culqi_charge_id` varchar(100) COLLATE utf8_bin DEFAULT NULL
) ENGINE=InnoDB DEFAULT CHARSET=utf8 COLLATE=utf8_bin;

--
-- Volcado de datos para la tabla `pedidos`
--

INSERT INTO `pedidos` (`id_pedido`, `fecha`, `job_id`, `id_usuario`, `servicio_preferencial`, `paquete`, `remitente_direccion`, `remitente_direccion_dpto`, `remitente_nombre`, `remitente_celular`, `remitente_correo`, `monto`, `culqi_charge_id`) VALUES
(1, '2021-04-05 11:18:59', 227246772, 1, 1, 'Probando llevar algo', 'San Juan de Miraflores, Perú', '11', 'por alguien', '', '', '2784.09', NULL),
(2, '2021-04-05 19:02:42', 227356581, 1, 1, 'Llaves', 'Calle Dos de Mayo 575, Miraflores, Perú', '203', 'Celia', '960793722', 'eduiva1234@gmail.com', '10.18', NULL),
(3, '2021-04-05 20:56:04', 227369698, 6, 0, 'Llaves', 'Calle Dos de Mayo 575, Miraflores, Perú', '203', '', '', '', '6.79', NULL),
(4, '2021-04-05 21:17:22', 227372073, 6, 1, 'Llaves', 'Calle Dos de Mayo 575, Miraflores, Perú', '203', '', '', '', '12.66', NULL),
(5, '2021-04-05 21:24:00', 227372757, 6, 0, 'llaves', 'Calle Dos de Mayo 575, Miraflores, Perú', '203', '', '', '', '6.79', NULL),
(6, '2021-04-08 13:36:16', 229214888, 7, 0, 'Llaves', 'Calle Dos de Mayo 575, Miraflores, Perú', '203', '', '', '', '6.79', NULL),
(7, '2021-04-12 15:06:59', 231819665, 7, 0, 'Llaves', 'Calle Dos de Mayo 575, Miraflores, Perú', '203', 'Eduardo Anaya', '9876765443', '', '6.79', NULL),
(8, '2021-04-12 16:45:32', 231836763, 7, 1, 'Llaves', 'Calle Dos de Mayo 575, Miraflores, Perú', '203', 'Eduardo Anaya', '9876765443', '', '10.18', NULL),
(9, '2021-04-13 09:35:04', 232298947, 1, 0, 'aaa', 'Lavalle 255, Tres Arroyos, Provincia de Buenos Aires, Argentina', '11', 'Juan Lucas Rodríguez Valcárcel', '2983525353', 'jlrodval@gmail.com', '1038.63', NULL),
(10, '2021-04-15 13:29:22', 233681378, 1, 1, 'asddsasad', 'Lavalle 255, Tres Arroyos, Provincia de Buenos Aires, Argentina', '', 'Juan Lucas Rodríguez Valcárcel', '2983525353', 'jlrodval@gmail.com', '1172.91', ''),
(11, '2021-04-15 13:31:18', 233681853, 1, 1, 'asdsad', 'Lavalle 255, Tres Arroyos, Provincia de Buenos Aires, Argentina', '', 'Juan Lucas Rodríguez Valcárcel', '2983525353', 'jlrodval@gmail.com', '1172.91', ''),
(12, '2021-04-15 13:33:23', 233682322, 1, 1, 'saddsa', 'Lavalle 255, Tres Arroyos, Provincia de Buenos Aires, Argentina', '', 'Juan Lucas Rodríguez Valcárcel', '2983525353', 'jlrodval@gmail.com', '1172.91', 'chr_test_Cnv9KBTFEVlozUVx'),
(13, '2021-04-15 13:43:44', 233684545, 1, 0, 'assdasdasadsadasd', 'Lavalle 255, Tres Arroyos, Provincia de Buenos Aires, Argentina', '', 'Juan Lucas Rodríguez Valcárcel', '2983525353', 'jlrodval@gmail.com', '1038.63', ''),
(14, '2021-04-15 13:44:14', 233684646, 1, 0, 'assdasdasadsadasd', 'Lavalle 255, Tres Arroyos, Provincia de Buenos Aires, Argentina', '', 'Juan Lucas Rodríguez Valcárcel', '2983525353', 'jlrodval@gmail.com', '1038.63', 'chr_test_wStr7bP6Osr6GCsp');

-- --------------------------------------------------------

--
-- Estructura de tabla para la tabla `precios`
--

CREATE TABLE `precios` (
  `id_precio` int UNSIGNED NOT NULL,
  `customer_id` int UNSIGNED DEFAULT NULL,
  `precio_recojo` decimal(10,2) UNSIGNED NOT NULL,
  `precio_envio` decimal(10,2) UNSIGNED NOT NULL,
  `observaciones` varchar(100) CHARACTER SET utf8 COLLATE utf8_bin DEFAULT NULL,
  `servicio_preferencial` tinyint UNSIGNED NOT NULL
) ENGINE=InnoDB DEFAULT CHARSET=utf8 COLLATE=utf8_bin;

--
-- Volcado de datos para la tabla `precios`
--

INSERT INTO `precios` (`id_precio`, `customer_id`, `precio_recojo`, `precio_envio`, `observaciones`, `servicio_preferencial`) VALUES
(1, NULL, '0.35', '0.83', 'Servicio Express', 1),
(2, NULL, '0.31', '0.46', 'Servicio por horario', 0);

-- --------------------------------------------------------

--
-- Estructura de tabla para la tabla `tablas`
--

CREATE TABLE `tablas` (
  `id_tabla` int UNSIGNED NOT NULL,
  `clave` varchar(20) CHARACTER SET utf8 COLLATE utf8_bin NOT NULL,
  `titulo` varchar(100) CHARACTER SET utf8 COLLATE utf8_bin NOT NULL,
  `tabla` varchar(20) CHARACTER SET utf8 COLLATE utf8_bin NOT NULL,
  `columna_id` varchar(50) CHARACTER SET utf8 COLLATE utf8_bin NOT NULL,
  `columna_id_asociado` varchar(50) CHARACTER SET utf8 COLLATE utf8_bin DEFAULT NULL,
  `tablas_relacionadas` varchar(500) CHARACTER SET utf8 COLLATE utf8_bin DEFAULT NULL,
  `orden` varchar(500) CHARACTER SET utf8 COLLATE utf8_bin DEFAULT NULL,
  `volver_a` varchar(50) CHARACTER SET utf8 COLLATE utf8_bin DEFAULT NULL,
  `requiere_admin` tinyint UNSIGNED NOT NULL DEFAULT '0'
) ENGINE=InnoDB DEFAULT CHARSET=utf8 COLLATE=utf8_bin;

--
-- Volcado de datos para la tabla `tablas`
--

INSERT INTO `tablas` (`id_tabla`, `clave`, `titulo`, `tabla`, `columna_id`, `columna_id_asociado`, `tablas_relacionadas`, `orden`, `volver_a`, `requiere_admin`) VALUES
(1, 'direcciones', 'Direcciones preferidas', 'direcciones', 'id_direccion', NULL, NULL, 'direccion, detalle', NULL, 0),
(2, 'pedidos', 'Pedidos realizados', 'pedidos', 'id_pedido', NULL, NULL, 'fecha desc', NULL, 0),
(3, 'precios', 'Precios de recojo y envío', 'precios', 'id_precio', NULL, NULL, 'id_precio', NULL, 1),
(4, 'usuarios', 'Usuarios', 'usuarios', 'id_usuario', NULL, NULL, 'nombre, apellido', NULL, 1),
(5, 'configuraciones', 'Variables del sistema', 'configuraciones', 'id_configuracion', NULL, NULL, 'clave', NULL, 1);

-- --------------------------------------------------------

--
-- Estructura de tabla para la tabla `usuarios`
--

CREATE TABLE `usuarios` (
  `id_usuario` int UNSIGNED NOT NULL,
  `customer_id` int UNSIGNED DEFAULT NULL,
  `correo_electronico` varchar(255) CHARACTER SET utf8 COLLATE utf8_bin NOT NULL,
  `contrasena` varchar(255) CHARACTER SET utf8 COLLATE utf8_bin NOT NULL,
  `nombre` varchar(50) CHARACTER SET utf8 COLLATE utf8_bin DEFAULT NULL,
  `apellido` varchar(50) CHARACTER SET utf8 COLLATE utf8_bin DEFAULT NULL,
  `celular` varchar(14) CHARACTER SET utf8 COLLATE utf8_bin DEFAULT NULL,
  `acepto_terminos` tinyint UNSIGNED NOT NULL DEFAULT '1',
  `acepto_tratamientoddpp` tinyint UNSIGNED NOT NULL DEFAULT '1',
  `foto` varchar(100) CHARACTER SET utf8 COLLATE utf8_bin DEFAULT NULL,
  `habilitado` tinyint UNSIGNED NOT NULL DEFAULT '1',
  `token` varchar(255) CHARACTER SET utf8 COLLATE utf8_bin DEFAULT NULL,
  `token_vto` datetime DEFAULT NULL,
  `auth_token` varchar(200) CHARACTER SET utf8 COLLATE utf8_bin DEFAULT NULL,
  `auth_token_vto` datetime DEFAULT NULL,
  `intentos_invalidos` tinyint NOT NULL DEFAULT '0',
  `captcha` varchar(10) CHARACTER SET utf8 COLLATE utf8_bin DEFAULT NULL,
  `fecha_creado` datetime NOT NULL DEFAULT CURRENT_TIMESTAMP,
  `ultimo_acceso` datetime DEFAULT NULL,
  `fecha_deshabilitado` datetime DEFAULT NULL,
  `motivo_deshabilitado` varchar(100) CHARACTER SET utf8 COLLATE utf8_bin DEFAULT NULL,
  `administrador` tinyint UNSIGNED NOT NULL DEFAULT '0',
  `borrado` tinyint UNSIGNED NOT NULL DEFAULT '0'
) ENGINE=InnoDB DEFAULT CHARSET=utf8 COLLATE=utf8_bin;

--
-- Volcado de datos para la tabla `usuarios`
--

INSERT INTO `usuarios` (`id_usuario`, `customer_id`, `correo_electronico`, `contrasena`, `nombre`, `apellido`, `celular`, `acepto_terminos`, `acepto_tratamientoddpp`, `foto`, `habilitado`, `token`, `token_vto`, `auth_token`, `auth_token_vto`, `intentos_invalidos`, `captcha`, `fecha_creado`, `ultimo_acceso`, `fecha_deshabilitado`, `motivo_deshabilitado`, `administrador`, `borrado`) VALUES
(1, 36101929, 'jlrodval@gmail.com', '25f9e794323b453885f5181f1b624d0b', 'Juan Lucas', 'Rodríguez Valcárcel', '2983525353', 1, 1, NULL, 1, NULL, NULL, 'vtrvkXoaKd1ZlfXas7ZYosIz2dBGKOBc7Hn9gQa4jIykwi8ew1', '2021-04-20 11:53:00', 0, NULL, '2021-03-29 16:35:01', NULL, NULL, NULL, 1, 0),
(5, 36498677, 'jlrodval@yahoo.com.ar', '25f9e794323b453885f5181f1b624d0b', 'pepe', 'pepe', '2983525353', 1, 1, NULL, 1, 'a42cb208c5e78a14d6195db7761bc8a6', '2021-04-06 19:54:00', 'BD8VlrXFGYHhB5vta0g17EHBkkvkjYhecLedbAQtyZCqkZEQCX', '2021-04-12 19:54:00', 0, NULL, '2021-04-05 19:54:48', NULL, NULL, NULL, 1, 0),
(6, 36498738, 'legendofarana@hotmail.com', '25f9e794323b453885f5181f1b624d0b', 'Ivan', 'Robles', '960793722', 1, 1, NULL, 1, '453e678c0db6a852d12645aebd4047aa', '2021-04-06 19:55:00', 'HeZBFvaFcmtYaNCLiWWvouACymIsKL7f6ZBfPHQd5AzEEyQKOn', '2021-04-19 19:29:00', 0, NULL, '2021-04-05 19:55:39', NULL, NULL, NULL, 1, 0),
(7, 36671098, 'eduiva1234@gmail.com', '25d55ad283aa400af464c76d713c07ad', 'Eduardo', 'Anaya', '9876765443', 1, 1, NULL, 1, NULL, NULL, 'rcPWxWJiOaLlHEcqak1MlCtQzmdizmRAwCzj2SrYoS95DXW6OF', '2021-04-19 16:39:00', 0, NULL, '2021-04-08 12:40:54', NULL, NULL, NULL, 1, 0);

--
-- Índices para tablas volcadas
--

--
-- Indices de la tabla `api_logs`
--
ALTER TABLE `api_logs`
  ADD PRIMARY KEY (`id_api_log`);

--
-- Indices de la tabla `campos`
--
ALTER TABLE `campos`
  ADD PRIMARY KEY (`id_campo`);

--
-- Indices de la tabla `configuraciones`
--
ALTER TABLE `configuraciones`
  ADD PRIMARY KEY (`id_configuracion`);

--
-- Indices de la tabla `destinatarios`
--
ALTER TABLE `destinatarios`
  ADD PRIMARY KEY (`id_destinatario`);

--
-- Indices de la tabla `direcciones`
--
ALTER TABLE `direcciones`
  ADD PRIMARY KEY (`id_direccion`);

--
-- Indices de la tabla `direcciones_tipos`
--
ALTER TABLE `direcciones_tipos`
  ADD PRIMARY KEY (`id_direcciones_tipo`);

--
-- Indices de la tabla `pedidos`
--
ALTER TABLE `pedidos`
  ADD PRIMARY KEY (`id_pedido`);

--
-- Indices de la tabla `precios`
--
ALTER TABLE `precios`
  ADD PRIMARY KEY (`id_precio`);

--
-- Indices de la tabla `tablas`
--
ALTER TABLE `tablas`
  ADD PRIMARY KEY (`id_tabla`);

--
-- Indices de la tabla `usuarios`
--
ALTER TABLE `usuarios`
  ADD PRIMARY KEY (`id_usuario`);

--
-- AUTO_INCREMENT de las tablas volcadas
--

--
-- AUTO_INCREMENT de la tabla `api_logs`
--
ALTER TABLE `api_logs`
  MODIFY `id_api_log` int UNSIGNED NOT NULL AUTO_INCREMENT, AUTO_INCREMENT=44;

--
-- AUTO_INCREMENT de la tabla `campos`
--
ALTER TABLE `campos`
  MODIFY `id_campo` int UNSIGNED NOT NULL AUTO_INCREMENT, AUTO_INCREMENT=23;

--
-- AUTO_INCREMENT de la tabla `configuraciones`
--
ALTER TABLE `configuraciones`
  MODIFY `id_configuracion` int UNSIGNED NOT NULL AUTO_INCREMENT, AUTO_INCREMENT=20;

--
-- AUTO_INCREMENT de la tabla `destinatarios`
--
ALTER TABLE `destinatarios`
  MODIFY `id_destinatario` int UNSIGNED NOT NULL AUTO_INCREMENT, AUTO_INCREMENT=33;

--
-- AUTO_INCREMENT de la tabla `direcciones`
--
ALTER TABLE `direcciones`
  MODIFY `id_direccion` int UNSIGNED NOT NULL AUTO_INCREMENT, AUTO_INCREMENT=9;

--
-- AUTO_INCREMENT de la tabla `direcciones_tipos`
--
ALTER TABLE `direcciones_tipos`
  MODIFY `id_direcciones_tipo` int UNSIGNED NOT NULL AUTO_INCREMENT, AUTO_INCREMENT=3;

--
-- AUTO_INCREMENT de la tabla `pedidos`
--
ALTER TABLE `pedidos`
  MODIFY `id_pedido` int UNSIGNED NOT NULL AUTO_INCREMENT, AUTO_INCREMENT=15;

--
-- AUTO_INCREMENT de la tabla `precios`
--
ALTER TABLE `precios`
  MODIFY `id_precio` int UNSIGNED NOT NULL AUTO_INCREMENT, AUTO_INCREMENT=4;

--
-- AUTO_INCREMENT de la tabla `tablas`
--
ALTER TABLE `tablas`
  MODIFY `id_tabla` int UNSIGNED NOT NULL AUTO_INCREMENT, AUTO_INCREMENT=6;

--
-- AUTO_INCREMENT de la tabla `usuarios`
--
ALTER TABLE `usuarios`
  MODIFY `id_usuario` int UNSIGNED NOT NULL AUTO_INCREMENT, AUTO_INCREMENT=8;
COMMIT;

